 of -a**2/2 + a - 2. Let b(c) = -i(c) + 2*z(c). Let s be b(8). Let r(l) = -l**2 - 3*l - 3. What is r(s)?
-1
Let j(v) = -v - 2. Let h = 0 + 0. Give j(h).
-2
Let x(y) = -y**3 - 6*y**2 - 6*y + 5. Let f(i) = -i**2 + 9 + 7 + 10*i - 3. Let j be f(11). Suppose 0 = j*a - 3 + 13. Determine x(a).
10
Let g(y) = -4*y**3 - 12*y**2 + 15*y + 15. Let r(j) = 3*j**3 + 13*j**2 - 15*j - 14. Let s(v) = 4*g(v) + 5*r(v). Calculate s(16).
6
Let t(d) be the first derivative of -d**4/4 + 25*d**3/3 - d**2/2 + 20*d - 377. Give t(25).
-5
Let f(y) = y**2 - 5*y + 10. Let r be f(4). Suppose 0 = r*l - l. Let d(h) = 3*h + 5*h**2 + l*h**2 + 1 - 3 - 2*h**3 + 3*h**3. Give d(-3).
7
Let f(l) = 1298*l - 2613*l + 8*l**2 - 8 + l**3 + 1307*l. What is f(-9)?
-17
Suppose -4*i + 11 = -3*z - 3, 0 = -4*z - 8. Suppose -4*p + 9 = -p. Let g(v) = 0*v - 4 - v + p. Give g(i).
-3
Let k = -29 - -31. Let y(g) = -4 + 2 - 7*g**2 + 8*g**k + 1. Give y(-3).
8
Let j(b) = -b - 1. Let t(k) = 9. Let c(m) = 2*j(m) + t(m). Let u be 608/96 - (2 - (-15)/(-9)). Calculate c(u).
-5
Let n(v) = -v + 2*v + 4*v. Let a(k) = -k**3 + 11*k**2 + 19*k + 12. Let s be a(12). Let q be 18/10 - s/120. What is n(q)?
5
Let a = 17 + -14. Let n(k) = -3 + 4*k**a + 13*k**2 - 3 - 5*k**3 - 4*k**2 - 8*k. Calculate n(8).
-6
Let z(j) = j**3 + 9*j**2 - 8*j + 7. Let x = -1349 + 1339. What is z(x)?
-13
Let w(y) = 54*y + 158. Let d be w(-3). Let s(g) = -g**2 - 5*g - 1. Determine s(d).
3
Let w(a) be the second derivative of 0*a**2 - 1/90*a**6 + 0*a**3 - 7/6*a**4 - 1/30*a**5 + 0 + 9*a. Let x(t) be the third derivative of w(t). Give x(-3).
20
Let d(r) = -r - 1. Suppose 4*f = -11 + 11. Suppose 4 = 5*h - 2*w - f, -4*h - 2*w - 4 = 0. What is d(h)?
-1
Let j(m) = -97*m**3 + 28*m**3 + 3 + 4*m**2 + 33*m**3 + 37*m**3 + 3*m. Let t be (-3)/(-1*1/(-1)). Calculate j(t).
3
Suppose 0 = -2*i - 2*i + 8. Let j(p) = 4*p**i + 7*p - 15*p + 4 + 3*p**2 + p**3. Determine j(-8).
4
Let p = 1 - 0. Suppose 0 = -5*l - z + 28, 5*l = 3*z + 37 - p. Let r(c) = -c**3 + 5*c**2 + 7*c - 8. What is r(l)?
-2
Let u(t) be the third derivative of -t**6/120 - t**5/30 + t**4/12 + t**3/3 - 5*t**2. Let r be u(-3). Let h(b) = -r*b + 4*b + 6*b - b**2. Determine h(3).
6
Let g(x) = -x**3 - 8*x**2 - 4*x + 8. Suppose -9*b - 175 = 16*b. Calculate g(b).
-13
Let b(u) = -7*u**2 + 54 - u**3 + 3*u + 47 - 101. What is b(-7)?
-21
Let s(a) = -5*a - 40. Let k(n) = 4*n + 27. Let q(y) = 4*k(y) + 3*s(y). Determine q(0).
-12
Let m(p) = p - 7. Let a be m(6). Let o(y) = y**3 - y - 1. Let u(r) = -2*r**3 + 3*r**2 + 2*r - 1. Let i(d) = a*u(d) - o(d). Calculate i(3).
-1
Let d(q) be the first derivative of q**4/4 - 4*q**3/3 - 5*q**2/2 + 6*q + 69. Determine d(4).
-14
Let m(v) = 2*v + 9. Suppose 2*c - 19 = 4*g - c, 23 = -2*g - 3*c. Let q be m(g). Let x(d) = -d**2 - 4*d + 7. What is x(q)?
2
Let x(h) = 22*h - 56. Let u(z) = 2*z - 5. Let r(m) = 68*u(m) - 6*x(m). Suppose -2*j - 5*j + 33 = 5. What is r(j)?
12
Let g(v) = 36*v + 11. Let b(a) = 6*a + 2. Let w(q) = -22*b(q) + 4*g(q). Give w(1).
12
Let l(w) = w**3 - 7*w**2 + 4*w + 3. Let m(a) = -14*a + 454. Let o be m(32). Determine l(o).
-9
Let j(l) = 2*l**2 - 21*l - 2. Let u be j(9). Let a = u - -27. Let m(k) = k. What is m(a)?
-2
Suppose -4*l - 9 = -7*l. Let y(w) = 39 + 46 + 2*w - 4*w**2 + w**l - 91. What is y(4)?
2
Let f(p) = 5*p**2 + 3*p + 4*p + p**3 - 2 - 12*p. What is f(-6)?
-8
Let w = -250 - -246. Let b(q) = -q**3 - q. Let d(x) = -3*x**3 - 5*x**2 - 4*x + 3. Let r(m) = 2*b(m) - d(m). What is r(w)?
5
Let z(k) be the third derivative of k**4/24 + 11*k**3/6 + 52*k**2. Determine z(-12).
-1
Let k = 11 + -2. Let a(g) = g**2 - 10*g + 7. Let t be a(k). Let c(l) = -l**2 - 3*l - 1. Let i(r) = 5*r**2 + 13*r + 5. Let q(p) = t*i(p) - 9*c(p). Give q(2).
-3
Let t(f) = -10*f**2 - f. Let h(m) = -m**2 - 5*m - 5. Suppose 0 = -s - 3*r - 1 + 7, 4*r - 6 = -s. Suppose s*v - v = -20. Let w be h(v). Give t(w).
-9
Let u be (30/(-20))/(6/(-16)). Let l(x) = -3*x**2 + u*x**2 - 5 + 0*x**2. Calculate l(0).
-5
Let a(h) = 2*h**2 + 5*h - 3. Let s be 70/(-28)*(-8)/(-5). What is a(s)?
9
Let n(g) = 152 + 145 - 8*g**2 - 296. Let p(l) = l**3 + 4*l**2 - 6*l - 4. Let z be p(-5). Calculate n(z).
-7
Let j(f) = f - 1. Let b(p) be the first derivative of -p + 1/3*p**3 + 3 - p**2. Let x be b(2). Give j(x).
-2
Let m(r) = r**3 - 7*r**2 + 6*r + 6. Let d be m(6). Let s(u) = -3 + u + 0 + d. Give s(-4).
-1
Suppose n + 15 = -2*n. Let g = n - -9. Let u(z) = z - z**2 + 0 + g + 5*z. Determine u(6).
4
Let a(u) = u**3 - 4*u**2 - 3*u + 5. Let g be ((-144)/(-126))/(48/21 - 2). Give a(g).
-7
Suppose -v + 3 = -0, -v + 71 = 2*c. Let f(o) = -7*o**2 - 5 - c*o**3 + 9*o + 35*o**3 - 3*o. Determine f(6).
-5
Let u = -2 - 1. Suppose -5*v + 26 = 4*d, 0*v + 4*d = v + 14. Let o(f) = -v*f**3 + 4 - 2*f**2 - 9*f**2 + f**3 + 6*f**2 - 3*f. Calculate o(u).
-5
Let b = -14 - -30. Let z be (b/(-20))/((-4)/10). Suppose -z*a - 3 = -7. Let h(o) = 2*o**2 - 3*o + 2. What is h(a)?
4
Let y(g) = -15*g + 39. Let s(o) = 7*o - 20. Let d(n) = 7*s(n) + 3*y(n). Calculate d(6).
1
Let z(h) = h**3 - h + 12. Let o be (9/(-5))/(3/10). Let l be (-2)/o + (-2)/6. Calculate z(l).
12
Let y(r) = -2*r - 10. Let h(m) be the first derivative of m**4/4 - 4*m**3 + 17*m**2/2 + 23*m + 6. Let k be h(10). What is y(k)?
4
Let z(y) = 5*y - 12. Suppose 36 = 5*p - 4*l, 4*l = 2*p - 56 + 32. Give z(p).
8
Let s(q) = 26*q - 3. Let r(d) = 17*d - 2. Let o(h) = 8*r(h) - 5*s(h). Give o(-2).
-13
Let h(n) be the first derivative of -n**4/4 + n**2 - n + 2. Let m be h(0). Let f(w) = -11*w + 1. Calculate f(m).
12
Let u(m) = m**3 + 6*m**2 - 7*m + 1. Suppose -93 = -10*b - 163. Determine u(b).
1
Let u = -35993 - -35994. Let t be (-2)/(-2) - (-4)/2. Let v(w) = 8*w**t - w**2 + w - 1 + 3*w**2 - 3*w**2. Determine v(u).
7
Let z = -4 + 9. Let p(t) = t**2 + 7*t - 2. Let o(m) = m**2 + 6*m + 7. Let f be o(-5). Let h(i) = 2*i**2 + 7*i - 1. Let w(x) = f*h(x) - 3*p(x). What is w(z)?
-6
Let g(k) = k**2 + 15*k + 53. Let i be g(-6). Let u(z) = -6*z - 7. Let t(x) = x + 1. Let l(s) = 21*t(s) + 3*u(s). What is l(i)?
-3
Let x be -2 + 4 - (1 - -7). Let y(r) = r**2 + 10*r - 5. Let c(g) = 3*g**2 + 31*g - 15. Let i(l) = 2*c(l) - 7*y(l). Give i(x).
17
Let z(y) = -9*y**2 + y + 2. Suppose -v - 34*v + 35 = 0. Give z(v).
-6
Let l(k) = -k**3 + k**2 + 6*k - 2. Let w be l(2). Let m(y) = -2*y - 6. Let z(n) = -n - 4*n - 12 - 5. Let o(s) = -8*m(s) + 3*z(s). Give o(w).
3
Suppose 5*f - 5*j - 55 = 0, 0*f + j = 4*f - 29. Let h(b) be the first derivative of b**4/4 - 7*b**3/3 + 7*b**2/2 + 5*b + 4. Calculate h(f).
11
Let h(x) = -18*x**3 - 4*x - 5. Let a(l) = -18*l**3 - 3*l - 4. Let t(b) = 5*a(b) - 4*h(b). Let c be (-1 - -1 - 6)*(-36)/216. Determine t(c).
-17
Let h(j) = -j**2 + 12*j + 28. Let n be h(14). Let g(k) = -61*k - 1 + n + 63*k. Determine g(6).
11
Let g(l) = -16*l - 5. Let k(r) = 19*r + 7. Let c(v) = -7*g(v) - 6*k(v). What is c(-7)?
7
Let s(p) = -27*p - 2. Let l(w) = -12*w - 1 + w - 2*w. Let v(t) = -7*l(t) + 3*s(t). Let d be 3/(-2)*17/(561/22). Give v(d).
-9
Let b(m) be the second derivative of -m**4/12 + m**3/6 + 10*m**2 + 649*m. Give b(6).
-10
Let q = -92 + 100. Let s(n) = n**3 - 8*n**2 - 3. Give s(q).
-3
Let j(g) be the first derivative of -4*g**3/3 - g**2/2 - g - 1. Let v be ((-9)/(-18))/((-9)/18). Calculate j(v).
-4
Let y(f) = -16*f**2 - 16*f + 10. Let b(w) = 3*w**2 + 3*w - 2. Let s(m) = -11*b(m) - 2*y(m). Let d(t) = -4*t**2 - 13*t - 12. Let g be d(-1). Determine s(g).
-4
Let k(h) = h - 4. Let l be 1/(4/10 + 7/(-35)). Let o be (5 - 1) + -9 + l. Give k(o).
-4
Suppose 4*p = 5 - 1. Let x(g) = -5*g - 5 + 22*g + 4 - 4*g. Determine x(p).
12
Let l(m) = -m**2 - m + 7. Let k(x) = -x**3 + 8*x**2 - 10*x - 12. Let u be k(6). What is l(u)?
7
Let g(n) be the first derivative of n**6/360 - n**5/30 - 5*n**4/24 + 34*n**3/3 - 6. Let t(r) be the third derivative of g(r). Give t(5).
0
Let o be 3 - 2 - (24 + -15). Let k(w) = 3*w + 14. What is k(o)?
-10
Let o(i) = i**2 - 12*i - 12. Let u(s) = -s - 1. Let m(h) = o(h) - 5*u(h). Let q be m(8). Let g(t) = 5 - 2*t**2 + t**2 + 3 + 5 - 12. What is g(q)?
0
Let t(s) = s**3 + 24*s**2 - 26*s - 34. Let q be t(-25). Let n(u) be the third derivative of -u**5/60 - 3*u**4/8 + u**3/3 + u**2. Give n(q).
2
Suppose 5*b - 5*j = -209 + 204, 2*b + j = 4. Let f(p) = p + 1. Let v(s) = 4*s + 7. Let g(x) = 6*f(x) - v(x). Give g(